76*p + 1002. What are the prime factors of m(-76)?
2, 3389
Let c(w) be the second derivative of 13*w**5/60 - 5*w**4/24 + w**3 - 5*w**2/2 - 6*w. Let d(s) be the first derivative of c(s). List the prime factors of d(2).
2, 3
Suppose 2*h - 4*k + 9*k = 4, 0 = 4*h - 3*k - 60. Suppose -x - 6 = -2*l, -x = -5*l + 3*x + h. What are the prime factors of 3 + 15/(-6) - (-82)/l?
3, 7
Let m = -23855 - -30933. What are the prime factors of m?
2, 3539
Let r = -1995 - -2835. Suppose -13*d + 993 = -r. List the prime factors of d.
3, 47
Suppose 4*k - 6 = 2. Suppose -z + 7 = k*m, 0*m - m + 14 = 4*z. Suppose 0 = z*f - 6*f + 5*n + 287, n - 375 = -4*f. What are the prime factors of f?
2, 47
Suppose -3*y - 137 = -5*g, -9*g = -5*g - y - 104. Let p(c) = 11*c**2 + g*c**3 + 6*c - 47*c**3 - 5 + 21*c**3. List the prime factors of p(10).
5, 31
Suppose p = 5*p + 5*z - 1947, -5*p = 5*z - 2435. Suppose 0 = -10*g + 2852 + p. What are the prime factors of g?
2, 167
What are the prime factors of (488/32)/(21/62412)?
61, 743
Let z(a) = 248*a**2 - 14*a + 2. Let v be z(3). Suppose 15*l - 19*l + v = 0. List the prime factors of l.
2, 137
Let y = 13872 + -9977. List the prime factors of y.
5, 19, 41
Let f(v) be the first derivative of 3*v**2 - 12*v - 14. Let w be f(3). Suppose 4*g - 2*r - 958 = 0, w*r - r = -2*g + 497. List the prime factors of g.
241
Suppose 118*t - 947274 - 5477003 = 1029547. What are the prime factors of t?
2, 3, 7, 47
Suppose 12405 = b + 3*h + 3497, -3*h = -2*b + 17843. What are the prime factors of b?
37, 241
Suppose -3318 + 9051 = 3*b. Suppose -13*w = -6*w - b. What are the prime factors of w?
3, 7, 13
What are the prime factors of 19935*(17 - 637/39)?
2, 3, 5, 443
What are the prime factors of -4 + 10607 - (1 + -12)?
2, 3, 29, 61
Let t(z) = -z**2 + z + 30. Let c be t(-5). Let b be 0 + c + -3 + 8/1. List the prime factors of (6/b)/(21/2030).
2, 29
Suppose 7*h - h - 133662 = 1062. List the prime factors of h.
2, 103, 109
Let v = 14 + -9. Suppose 2*x - t = 3*t - 6, -5*x + 30 = v*t. List the prime factors of 24/72 + 152/x.
3, 17
Suppose 23*v = 34331 - 7237. Let y = -579 + v. List the prime factors of y.
599
List the prime factors of 70/21 - (-231994)/42.
5527
What are the prime factors of (42270/18)/(185/111)?
1409
Suppose 10*y = -2*l + 13*y - 2384, -5*y - 4812 = 4*l. Let w = 1682 + l. List the prime factors of w.
2, 11
Suppose 0 = -a + 26 - 23, 5*a + 22260 = 5*m. What are the prime factors of m?
3, 5, 11
List the prime factors of ((-90)/(-4))/(215/25284).
2, 3, 7
What are the prime factors of 48*808/30 + (-210)/(-175)?
2, 647
Let i(x) = 11 + 16*x + 12 + 3*x**2 - 22 + 14. What are the prime factors of i(-11)?
2, 101
Let v(k) = k**3 - 7*k**2 + 41. Let x be v(6). Suppose x*d - 15 = -5*g, -4*d - g - 3 = -12. Suppose -d*i + 90 + 92 = 0. List the prime factors of i.
7, 13
Suppose 1003 + 6437 = 16*h. Let d = 147 + h. List the prime factors of d.
2, 3, 17
Let t be 3 + (2*-3)/3. Suppose 5*d = 0, -3*a + 4*d = -9*a + 930. Suppose t = -2*q + a. What are the prime factors of q?
7, 11
Suppose -22*g = -16*g - 36. Suppose -f - 1725 = -g*f. List the prime factors of f.
3, 5, 23
Suppose -o + 4*o = -114. Let u = -38 - o. Suppose 4*t - 635 = -5*w, u*w + w - 623 = -4*t. What are the prime factors of t?
5, 31
Let g be 358/6 + 30/(-45). Let f = -40 + g. Suppose 4*z - f = 3*z. What are the prime factors of z?
19
Suppose 807 = 4*d + 831. Suppose 3*b + 28 = z, 4*z = z + b + 92. Let g = d + z. What are the prime factors of g?
5
Let q = -6955 - -10813. What are the prime factors of q?
2, 3, 643
Suppose 2*r - 6681 = r. Suppose 28873 = 4*d - 4*c + r, -2*d = -4*c - 11104. List the prime factors of 1/5 + d/55.
101
Let l be 6*(-5 - (-27)/6). Let k(g) = -13*g**3 - 4*g**2 - 9*g - 5. List the prime factors of k(l).
337
Suppose -3*h = -s + 7, 1 = -3*s - 4*h + 2*h. Let u be 2/(-2)*(-245 - s). Let d = 351 - u. What are the prime factors of d?
3, 5, 7
Let y(p) be the first derivative of p**3/3 - 7*p**2/2 - 20*p - 1562. Suppose 4*z = -4*m + 48, -4*m + 2*z - 4*z = -46. What are the prime factors of y(m)?
2, 3
Let u be 11 + -10 - (2 + 9). Let s = -39 - u. Let n = 126 + s. What are the prime factors of n?
97
Suppose -6*u + 5*u - 4*n = -2110, 2*u + n = 4255. Let d = u - 1062. What are the prime factors of d?
2, 3, 89
Suppose 0 = -2*j + 4*h + 440, 5*j - 5*h + 4*h - 1118 = 0. Let x = -77 + j. List the prime factors of x.
3, 7
Let v(u) = -u**3 - 12*u**2 + u + 16. Let r be v(-12). Suppose -5*k + 5*y + 6270 = 0, 15*k - 4984 = 11*k - r*y. List the prime factors of k.
2, 5
Let z = -281 + 279. Let i(g) = 43*g**2 + 5*g + 4. List the prime factors of i(z).
2, 83
Let g = 143 + -134. Let w(m) = 106*m - 80. List the prime factors of w(g).
2, 19, 23
Suppose -4 = -14*i + 24. Suppose i*n = -9*n + 616. What are the prime factors of 16/n + (-992)/(-7)?
2, 71
Suppose -95 + 395 = 5*s - 5*q, -4*s + 233 = 3*q. Let r be -34 + 33 + (-2*24)/1. Let v = s - r. List the prime factors of v.
2, 3
Let z(d) = -6*d + 62. Let q be ((1 - 2)/1)/(12/444). List the prime factors of z(q).
2, 71
Let v = 8 - 4. Suppose -h = -z - 64, -v*z + 4*h - h = 257. What are the prime factors of 1 - (z + (3 - 6))?
3, 23
Let v be (-51)/(-136) - 34394/(-16). What are the prime factors of v/(-200)*(0 - 124)?
31, 43
Suppose a - 209*w - 38185 = -207*w, 5*w = -5*a + 190820. What are the prime factors of a?
7, 19, 41
Let s(v) = 213*v + 2357. List the prime factors of s(-7).
2, 433
Let m(s) = -s**3 - 31*s**2 - 69*s - 51. Let h = 280 - 309. What are the prime factors of m(h)?
2, 67
Let u = 45824 + -27474. List the prime factors of u.
2, 5, 367
Suppose -619420 = -86*g + 49574. What are the prime factors of g?
3, 2593
Suppose 0 = 5*p + 5*a - 5, -4*a = 5*p + 1 - 4. What are the prime factors of (7 - -268) + (p - 2)?
2, 17
Suppose 32*z + 2 - 162 = 0. Suppose 0 = z*q - 5, i + q - 566 = 0. What are the prime factors of i?
5, 113
Let j = -54 + 62. Suppose 0 = -j*v + 7*v + 61. Suppose -135 - v = -2*z. List the prime factors of z.
2, 7
Let o = 84 + -80. Suppose -g - 25 = 2*d, 52 = -o*d - 0*g - 4*g. What are the prime factors of 81 + 1 + (-36)/d?
5, 17
Let b be (812/(-3) - -2)/(3/9). Let t = b - -1154. Suppose 7*i - 5*i = t. What are the prime factors of i?
2, 3, 29
Suppose 34*u - 277288 = 122416. What are the prime factors of u?
2, 2939
Let m = -939 - -668. Let l = m - -829. Suppose l = 14*g - 5*g. List the prime factors of g.
2, 31
Suppose -4*b + 18064 + 44437 = -3*k, -9*b = 4*k - 140595. What are the prime factors of b?
17, 919
Let m be 4 - -4*(28/(-16))/7. Let t(a) be the third derivative of a**6/120 + a**5/12 - 5*a**4/24 + a**3 + 2*a**2. What are the prime factors of t(m)?
3, 7
Suppose 0 = -26*g + 53*g + 87248 - 492032. What are the prime factors of g?
2, 937
Let c(o) be the third derivative of -o**5/30 - 5*o**4/8 + o**3/2 + 21*o**2. Let u be c(-7). Suppose -5*l = -4*l - u. What are the prime factors of l?
2, 5
Let p = -17702 + 49791. List the prime factors of p.
32089
Suppose 22*x - 25*x + 5*b + 51206 = 0, b - 34107 = -2*x. List the prime factors of x.
37, 461
Suppose -820*d + 822*d - 42802 = 4*i, 3*i + 15 = 0. List the prime factors of d.
21391
Let x be 24/(-36) - (-8)/3. Suppose 0*y + 3*y - 30 = -z, -y = -x*z + 74. What are the prime factors of z*(3 + 1 - 3)/1?
2, 3
Suppose 8*z = -5*n + 9*z + 6, -3*z = 4*n - 1. List the prime factors of ((-1)/(2/(-1252)))/n.
2, 313
Suppose 0 = 5*y - 2*w - 92547, -3*w + 69937 = 3*y + 14434. What are the prime factors of y?
3, 31, 199
Suppose 4*n - o = -5*o, 4*n - o - 10 = 0. Let r(m) = 130*m**2 + 2*m - 4. What are the prime factors of r(n)?
2, 5, 13
Suppose 5*i - 76401 = -2*u, 5*i = 8*i + u - 45840. List the prime factors of i.
3, 11, 463
Suppose -c - 122 = -306. Let h = c - 115. List the prime factors of h.
3, 23
Let m(u) = 2*u**3 - 2*u**2 - 10*u + 3. Let z(t) = -8*t + 49. Let s be z(11). Let l = 44 + s. List the prime factors of m(l).
3, 17
Let u(f) = 102*f**3 - 6*f**2 - 25*f + 67. What are the prime factors of u(7)?
2, 3, 11, 131
Let v = 190 + -406. Let j = v + 1024. Suppose -3*i - 2*a + 3*a = -j, 2*a + 2 = 0. List the prime factors of i.
269
Let d be 504/16 - 10/4. Let n = d + 113. What are the prime factors of n?
2, 71
Let g(b) be the second derivative of b**3/6 + 7*b**2 - 20*b. Let l be g(-9). Suppose 0 = -2*w - l*k + 120, -3*k